he units digit of 1163?
3
What is the hundreds digit of 37250?
2
What is the ten thousands digit of 22030?
2
What is the tens digit of 112?
1
What is the hundreds digit of 457?
4
What is the units digit of 146448?
8
What is the units digit of 3170?
0
What is the hundreds digit of 80456?
4
What is the units digit of 614?
4
What is the units digit of 3852?
2
What is the units digit of 651?
1
What is the ten thousands digit of 13141?
1
What is the hundreds digit of 41418?
4
What is the thousands digit of 70286?
0
What is the hundreds digit of 8101?
1
What is the hundreds digit of 2145?
1
What is the hundred thousands digit of 113270?
1
What is the units digit of 596?
6
What is the hundreds digit of 4086?
0
What is the units digit of 603?
3
What is the thousands digit of 1960?
1
What is the units digit of 1596?
6
What is the tens digit of 506?
0
What is the thousands digit of 2541?
2
What is the tens digit of 93?
9
What is the tens digit of 1350?
5
What is the thousands digit of 49288?
9
What is the thousands digit of 2633?
2
What is the thousands digit of 1136?
1
What is the thousands digit of 6885?
6
What is the hundreds digit of 46628?
6
What is the tens digit of 13408?
0
What is the units digit of 1926?
6
What is the ten thousands digit of 17942?
1
What is the hundreds digit of 25575?
5
What is the hundreds digit of 92325?
3
What is the units digit of 13960?
0
What is the units digit of 844?
4
What is the units digit of 951?
1
What is the hundreds digit of 3016?
0
What is the thousands digit of 2441?
2
What is the thousands digit of 2754?
2
What is the thousands digit of 10681?
0
What is the units digit of 3955?
5
What is the tens digit of 425?
2
What is the hundreds digit of 2928?
9
What is the units digit of 360?
0
What is the units digit of 6720?
0
What is the tens digit of 388?
8
What is the ten thousands digit of 26581?
2
What is the hundreds digit of 1813?
8
What is the tens digit of 961?
6
What is the hundred thousands digit of 146052?
1
What is the units digit of 1556?
6
What is the tens digit of 3785?
8
What is the thousands digit of 57207?
7
What is the hundreds digit of 20199?
1
What is the hundreds digit of 487?
4
What is the units digit of 5166?
6
What is the hundreds digit of 638?
6
What is the hundreds digit of 11263?
2
What is the units digit of 483?
3
What is the tens digit of 66757?
5
What is the tens digit of 6520?
2
What is the units digit of 5219?
9
What is the units digit of 1025?
5
What is the units digit of 908?
8
What is the units digit of 469?
9
What is the tens digit of 964?
6
What is the units digit of 797?
7
What is the thousands digit of 1563?
1
What is the units digit of 367?
7
What is the units digit of 3939?
9
What is the hundreds digit of 1383?
3
What is the ten thousands digit of 19457?
1
What is the thousands digit of 43801?
3
What is the tens digit of 1940?
4
What is the units digit of 87771?
1
What is the units digit of 4737?
7
What is the units digit of 1390?
0
What is the tens digit of 27644?
4
What is the hundreds digit of 759?
7
What is the ten thousands digit of 25154?
2
What is the tens digit of 1020?
2
What is the hundreds digit of 2740?
7
What is the tens digit of 24526?
2
What is the units digit of 7357?
7
What is the tens digit of 35034?
3
What is the hundreds digit of 48537?
5
What is the hundreds digit of 392?
3
What is the units digit of 1460?
0
What is the units digit of 30366?
6
What is the thousands digit of 1911?
1
What is the tens digit of 1726?
2
What is the tens digit of 24380?
8
What is the hundreds digit of 798?
7
What is the thousands digit of 22749?
2
What is the thousands digit of 63964?
3
What is the tens digit of 76836?
3
What is the thousands digit of 35694?
5
What is the units digit of 63264?
4
What is the units digit of 139396?
6
What is the ten thousands digit of 54414?
5
What is the units digit of 33?
3
What is the tens digit of 58635?
3
What is the tens digit of 189?
8
What is the hundreds digit of 113944?
9
What is the hundreds digit of 4849?
8
What is the hundreds digit of 2887?
8
What is the tens digit of 3179?
7
What is the thousands digit of 71051?
1
What is the units digit of 137?
7
What is the units digit of 14307?
7
What is the tens digit of 7258?
5
What is the hundreds digit of 23482?
4
What is the hundreds digit of 34106?
1
What is the units digit of 736?
6
What is the hundreds digit of 66361?
3
What is the tens digit of 11038?
3
What is the thousands digit of 4112?
4
What is the hundreds digit of 25540?
5
What is the units digit of 1960?
0
What is the hundreds digit of 19704?
7
What is the units digit of 4390?
0
What is the hundreds digit of 23043?
0
What is the hundreds digit of 17032?
0
What is the tens digit of 185?
8
What is the units digit of 1093?
3
What is the units digit of 34272?
2
What is the units digit of 609?
9
What is the hundreds digit of 23073?
0
What is the tens digit of 132647?
4
What is the units digit of 850?
0
What is the tens digit of 981?
8
What is the units digit of 350?
0
What is the units digit of 8360?
0
What is the thousands digit of 6414?
6
What is the hundreds digit of 96687?
6
What is the hundreds digit of 41759?
7
What is the ten thousands digit of 59520?
5
What is the ten thousands digit of 18458?
1
What is the units digit of 3136?
6
What is the ten thousands digit of 65412?
6
What is the thousands digit of 22159?
2
What is the tens digit of 79340?
4
What is the hundreds digit of 16054?
0
What is the hundreds digit of 816?
8
What is the thousands digit of 1259?
1
What is the units digit of 9448?
8
What is the hundreds digit of 1271?
2
What is the tens digit of 949?
4
What is the tens digit of 1676?
7
What is the units digit of 11235?
5
What is the units digit of 42956?
6
What is the units digit of 7810?
0
What is the tens digit of 1877?
7
What is the thousands digit of 6531?
6
What is the tens digit of 3042?
4
What is the units digit of 391?
1
What is the units digit of 135897?
7
What is the thousands digit of 23881?
3
What is the ten thousands digit of 15816?
1
What is the tens digit of 254?
5
What is the thousands digit of 1175?
1
What is the units digit of 472?
2
What is the units digit of 670?
0
What is the tens digit of 10453?
5
What is the ten thousands digit of 10220?
1
What is the units digit of 1131?
1
What is the thousands digit of 2114?
2
What is the tens digit of 21502?
0
What is the tens digit of 55973?
7
What is the tens digit of 131627?
2
What is the tens digit of 43424?
2
What is the tens digit of 665?
6
What is the units digit of 5491?
1
What is the hundreds digit of 1348?
3
What is the thousands digit of 2146?
2
What is the thousands digit of 19807?
9
What is the thousands digit of 111501?
1
What is the hundreds digit of 2650?
6
What is the hundreds digit of 15112?
1
What is the units digit of 43064?
4
What is the hundreds digit of 16935?
9
What is the hundreds digit of 1356?
3
What is the units digit of 3176?
6
What is the units digit of 16070?
0
What is the thousands digit of 7542?
7
What is the ten thousands digit of 15899?
1
What is the hundreds digit of 871?
8
What is the units digit of 1276?
6
What is the tens digit of 2888?
8
What is the units digit of 50317?
7
What is the hundreds digit of 558?
5
What is the hundreds digit of 35909?
9
What is the tens digit of 141?
4
What is the tens digit of 287?
8
What is the units digit of 23273?
3
What is the tens digit of 124754?
5
What is the tens digit of 4534?
3
What is the units digit of 76273?
3
What is the units digit of 21589?
9
What is the tens digit of 14589?
8
What is the units digit of 3106?
6
What is the hundreds digit of 884?
8
What is the units digit of 62126?
6
What is the hundreds digit of 14249?
2
What is the tens digit of 20757?
5
What is the hundreds digit of 102654?
6
What is the ten thousands digit of 192193?
9
What is the tens digit of 3803?
0
What is the tens digit of 1428?
2
What is the units digit of 324?
4
What is the hundreds digit of 16311?
3
What is the tens digit of 1717?
1
What is the ten thousands digit of 22301?
2
What is the units digit of 2119?
9
What is the tens digit of 618?
1
What is the hundreds digit of 1251?
2
What is the units digit of 9153?
3
What is the thousands digit of 2459?
2
What is the units digit of 28482?
2
Wha